 and 792.
88
Calculate the greatest common factor of 32 and 344.
8
Calculate the highest common divisor of 88 and 4202.
22
What is the greatest common factor of 10 and 1070?
10
What is the highest common factor of 39 and 1248?
39
Calculate the highest common factor of 209 and 297.
11
Calculate the highest common factor of 749 and 107.
107
Calculate the highest common factor of 12 and 492.
12
What is the greatest common divisor of 26675 and 11?
11
What is the highest common divisor of 202 and 1313?
101
Calculate the highest common divisor of 440 and 760.
40
What is the greatest common factor of 75 and 645?
15
What is the highest common divisor of 160 and 50?
10
Calculate the highest common divisor of 135 and 177.
3
What is the greatest common divisor of 17 and 221?
17
Calculate the highest common factor of 76 and 418.
38
What is the highest common factor of 6184 and 8?
8
What is the highest common factor of 1530 and 630?
90
Calculate the greatest common divisor of 1197 and 24624.
171
Calculate the highest common divisor of 33 and 99.
33
Calculate the greatest common divisor of 36 and 14436.
36
Calculate the greatest common divisor of 137 and 3151.
137
Calculate the highest common factor of 46 and 713.
23
What is the greatest common factor of 230 and 138?
46
Calculate the greatest common divisor of 35 and 415.
5
Calculate the greatest common divisor of 2740 and 80.
20
What is the highest common factor of 60 and 60?
60
Calculate the greatest common divisor of 3471 and 2937.
267
What is the highest common divisor of 192 and 416?
32
Calculate the highest common divisor of 240 and 180.
60
What is the highest common divisor of 78 and 286?
26
Calculate the greatest common divisor of 4620 and 12.
12
Calculate the greatest common factor of 496 and 372.
124
What is the highest common factor of 342 and 54?
18
What is the greatest common divisor of 286 and 1870?
22
What is the highest common factor of 2977 and 916?
229
Calculate the greatest common divisor of 341 and 110.
11
Calculate the highest common factor of 1037 and 17.
17
Calculate the highest common divisor of 91 and 221.
13
Calculate the highest common divisor of 76 and 8.
4
Calculate the highest common divisor of 47 and 10.
1
Calculate the highest common divisor of 130 and 6045.
65
Calculate the greatest common divisor of 177 and 12390.
177
What is the highest common divisor of 65 and 13?
13
Calculate the highest common divisor of 4558 and 318.
106
What is the highest common factor of 144 and 32?
16
What is the greatest common factor of 32 and 584?
8
Calculate the greatest common factor of 50 and 175.
25
Calculate the greatest common factor of 68 and 1462.
34
Calculate the highest common divisor of 48 and 516.
12
Calculate the highest common factor of 1950 and 330.
30
Calculate the greatest common divisor of 1664 and 128.
128
Calculate the greatest common factor of 1960 and 112.
56
What is the greatest common divisor of 15 and 795?
15
What is the highest common divisor of 120 and 2178?
6
Calculate the highest common divisor of 7945 and 70.
35
What is the greatest common factor of 30 and 170?
10
What is the greatest common factor of 371 and 212?
53
What is the highest common factor of 1500 and 120?
60
Calculate the greatest common divisor of 12 and 1092.
12
What is the highest common factor of 166 and 664?
166
Calculate the greatest common factor of 4555 and 15.
5
What is the greatest common divisor of 2292 and 12?
12
What is the highest common factor of 1875 and 60?
15
Calculate the highest common divisor of 325 and 25.
25
Calculate the highest common factor of 246 and 137022.
246
What is the greatest common divisor of 517 and 297?
11
Calculate the greatest common divisor of 162 and 3456.
54
Calculate the greatest common divisor of 16 and 432.
16
Calculate the highest common divisor of 43 and 817.
43
What is the greatest common factor of 33 and 418?
11
Calculate the greatest common factor of 561 and 99.
33
What is the greatest common factor of 28 and 1148?
28
Calculate the highest common factor of 636 and 3975.
159
Calculate the greatest common divisor of 91 and 7371.
91
What is the greatest common factor of 1728 and 512?
64
What is the greatest common factor of 28 and 252?
28
What is the highest common divisor of 18 and 531?
9
What is the highest common factor of 300 and 2900?
100
Calculate the highest common divisor of 50 and 6550.
50
What is the greatest common divisor of 13 and 208?
13
Calculate the greatest common divisor of 1788 and 204.
12
What is the greatest common factor of 10114 and 78?
26
Calculate the highest common divisor of 341 and 649.
11
What is the highest common factor of 24 and 5736?
24
Calculate the greatest common divisor of 805 and 70.
35
What is the greatest common factor of 67 and 737?
67
Calculate the greatest common divisor of 132 and 4.
4
Calculate the greatest common factor of 65 and 9425.
65
Calculate the highest common divisor of 1005 and 150.
15
What is the highest common factor of 228 and 30?
6
Calculate the greatest common divisor of 792 and 330.
66
What is the greatest common factor of 14 and 252?
14
Calculate the greatest common divisor of 1368 and 1216.
152
What is the highest common divisor of 18818 and 194?
194
What is the highest common factor of 12 and 76?
4
Calculate the highest common divisor of 7 and 28.
7
What is the highest common factor of 2937 and 33?
33
What is the highest common factor of 48 and 2816?
16
What is the highest common factor of 447 and 3?
3
Calculate the highest common divisor of 940 and 40.
20
What is the highest common factor of 3 and 360?
3
What is the highest common divisor of 51 and 68?
17
Calculate the highest common factor of 14 and 1057.
7
Calculate the highest common factor of 5778 and 27.
27
What is the greatest common factor of 3216 and 67?
67
What is the highest common factor of 97 and 20176?
97
Calculate the highest common factor of 24 and 1032.
24
What is the highest common divisor of 62 and 4526?
62
What is the greatest common divisor of 13 and 299?
13
Calculate the greatest common factor of 6 and 1626.
6
What is the greatest common divisor of 310 and 124?
62
What is the greatest common divisor of 10 and 185?
5
Calculate the greatest common factor of 150 and 645.
15
Calculate the highest common divisor of 9325 and 100.
25
What is the highest common factor of 1632 and 240?
48
Calculate the greatest common factor of 90 and 1230.
30
Calculate the greatest common divisor of 2 and 382.
2
Calculate the greatest common divisor of 1111 and 303.
101
What is the highest common factor of 8915 and 5?
5
Calculate the highest common divisor of 2167 and 110.
11
What is the highest common divisor of 58 and 19053?
29
Calculate the greatest common divisor of 1782 and 72.
18
What is the greatest common divisor of 164 and 123?
41
Calculate the greatest common factor of 1729 and 931.
133
Calculate the greatest common divisor of 795 and 1113.
159
Calculate the highest common divisor of 228 and 48.
12
What is the greatest common divisor of 67 and 603?
67
Calculate the greatest common factor of 54 and 288.
18
Calculate the highest common divisor of 216 and 8.
8
Calculate the highest common factor of 186 and 124.
62
Calculate the greatest common divisor of 133 and 38.
19
Calculate the greatest common factor of 22 and 3454.
22
Calculate the greatest common divisor of 8361 and 45.
9
Calculate the highest common factor of 72 and 888.
24
Calculate the highest common factor of 40 and 680.
40
Calculate the highest common divisor of 441 and 1197.
63
Calculate the greatest common divisor of 77 and 259.
7
What is the highest common factor of 418 and 22?
22
What is the highest common divisor of 275 and 325?
25
Calculate the highest common factor of 1155 and 660.
165
Calculate the greatest common factor of 74 and 9139.
37
What is the highest common factor of 6106 and 172?
86
Calculate the highest common factor of 50 and 25.
25
Calculate the greatest common divisor of 162 and 56538.
162
Calculate the greatest common factor of 280 and 245.
35
Calculate the greatest common divisor of 80 and 11920.
80
Calculate the greatest common factor of 406 and 1856.
58
What is the highest common factor of 26 and 962?
26
Calculate the greatest common factor of 1035 